se 4, what is -12301233 + 1?
-12301232
In base 6, what is -1322 + -5500?
-11222
In base 9, what is 1868 + -215?
1653
In base 5, what is 413 + 2?
420
In base 7, what is -254 - -1056?
502
In base 14, what is 195b + -8?
1953
In base 14, what is 412db - 3?
412d8
In base 5, what is 234 - -201?
440
In base 2, what is -10001101001101101 - -1?
-10001101001101100
In base 2, what is 1110010011111 - -11?
1110010100010
In base 3, what is 1221102221120 - 2?
1221102221111
In base 9, what is -1075564 + 1?
-1075563
In base 8, what is 471071 + 5?
471076
In base 7, what is 353 + -14401?
-14015
In base 9, what is -2815 + -10?
-2825
In base 15, what is 1a1 - -2?
1a3
In base 2, what is -1010100010111010100 - -10?
-1010100010111010010
In base 11, what is -30a6 - -364?
-2842
In base 6, what is 30 + -1415?
-1345
In base 2, what is -1111 + 11011100101?
11011010110
In base 2, what is 1001101101 + 1100000?
1011001101
In base 7, what is 141040 - -2?
141042
In base 9, what is -1213 + 200?
-1013
In base 8, what is -117 + -3674?
-4013
In base 2, what is 1010000111111111101 - -10?
1010000111111111111
In base 15, what is cc50b - -3?
cc50e
In base 8, what is -203 + 1114?
711
In base 2, what is 101 - -10001001100101010?
10001001100101111
In base 9, what is -48158 - 217?
-48376
In base 10, what is -679 - 67?
-746
In base 12, what is -2 - 14a28?
-14a2a
In base 4, what is 22 - 133032000?
-133031312
In base 6, what is 340532 - -3?
340535
In base 12, what is -13 + 107a3a?
107a27
In base 6, what is 545 + 30?
1015
In base 2, what is -10100110110101110 + -11?
-10100110110110001
In base 12, what is 0 - 97737?
-97737
In base 9, what is -110 + -135?
-245
In base 3, what is 1220012 - 10112?
1202200
In base 14, what is -4 - -40762?
4075c
In base 13, what is -23468 + -2?
-2346a
In base 2, what is 101011 - 10000010011?
-1111101000
In base 5, what is 110 + 12130?
12240
In base 8, what is 43 - -11023?
11066
In base 9, what is 5433 + 147?
5581
In base 4, what is 1032 - -30131?
31223
In base 6, what is -1231 - -21111?
15440
In base 4, what is 1000023 + 3?
1000032
In base 7, what is 5250 + -26?
5221
In base 7, what is -12551 - 154?
-13035
In base 8, what is -1 - 177102?
-177103
In base 12, what is -5026 + -34?
-505a
In base 12, what is -2 - -128979?
128977
In base 11, what is 341 - 89?
263
In base 9, what is 1371 - -13?
1384
In base 3, what is -111022111012 - 2?
-111022111021
In base 13, what is -3 - -414?
411
In base 4, what is -3 - -331020?
331011
In base 14, what is 4 + 30917?
3091b
In base 13, what is 29352 + -13?
2933c
In base 3, what is 20201222011100 + -2?
20201222011021
In base 14, what is -3 + aa4?
aa1
In base 7, what is -311644 - -6?
-311635
In base 2, what is -1 + 111001011000101010?
111001011000101001
In base 5, what is -120 - 131?
-301
In base 11, what is 0 + 73330?
73330
In base 6, what is 223 + 230500?
231123
In base 7, what is 10 - 2166214?
-2166204
In base 16, what is -2 - -2b87?
2b85
In base 11, what is -43 + 41?
-2
In base 5, what is -3 + 24342110?
24342102
In base 13, what is -bc5 + 227?
-99b
In base 6, what is -31 - 135?
-210
In base 13, what is 2a36a8 - 1?
2a36a7
In base 7, what is -1 + -241511?
-241512
In base 11, what is -211524 + -5?
-211529
In base 11, what is 458 + -4a0?
-43
In base 15, what is 7 + -cee0?
-ced8
In base 4, what is 1010101 - 10?
1010031
In base 7, what is 1 + -110230?
-110226
In base 13, what is 91165 - -1?
91166
In base 8, what is 4 + -213463?
-213457
In base 7, what is 12143 - -16?
12162
In base 14, what is -45 - 43?
-88
In base 3, what is 20 - 12121200?
-12121110
In base 9, what is -2 - 11754?
-11756
In base 12, what is -4a520 + 0?
-4a520
In base 9, what is 125 + -1251?
-1125
In base 10, what is 15030 - 42?
14988
In base 4, what is -20322302 + -223?
-20323131
In base 15, what is 6 - -14eb?
1502
In base 14, what is 799 - -a8?
863
In base 2, what is 101 - 100111010111011101001?
-100111010111011100100
In base 9, what is -4412 + 5?
-4406
In base 12, what is -1489 - 356?
-1823
In base 5, what is 131332 + -3?
131324
In base 7, what is -11305424 - 3?
-11305430
In base 3, what is 2121122112 + 101?
2121122220
In base 11, what is 7 - -21521?
21528
In base 11, what is -1547 + 678?
-97a
In base 5, what is 3 - -11440010?
11440013
In base 2, what is -101011 - 11001111?
-11111010
In base 13, what is -144 - -69b?
557
In base 12, what is -10 - -352?
342
In base 12, what is -3758b - -49?
-37542
In base 9, what is -260 - 1641?
-2011
In base 12, what is -191 + -789?
-95a
In base 16, what is eeb17 + -2?
eeb15
In base 5, what is 30010 + -201?
24304
In base 14, what is 49 - 179cc?
-17983
In base 11, what is -847 - 19?
-865
In base 15, what is e13b - 0?
e13b
In base 4, what is 111211031 - 10?
111211021
In base 13, what is -4 + 2b82c?
2b828
In base 11, what is 8619 + -a?
860a
In base 10, what is 41 - 24686?
-24645
In base 8, what is 22 - -150432?
150454
In base 13, what is 325 + 12?
337
In base 3, what is -1021211110122 + 21?
-1021211110101
In base 7, what is -63 + -200231?
-200324
In base 14, what is -3828 - -2b?
-37db
In base 8, what is 10402 - -32?
10434
In base 3, what is 2100 - 10000022?
-2220222
In base 5, what is 12 - -443200?
443212
In base 3, what is 201 - -1020112021?
1020112222
In base 12, what is 1 + 9297a?
9297b
In base 2, what is 1111 + -11100?
-1101
In base 12, what is 1 + b4693?
b4694
In base 5, what is 13 + -2041242?
-2041224
In base 7, what is -3 + -5332?
-5335
In base 15, what is -5d41 - -3?
-5d3d
In base 8, what is 1470074 + 3?
1470077
In base 5, what is 1140223 + 41?
1140314
In base 14, what is -2 + 64c1?
64bd
In base 7, what is 5 + 3326600?
3326605
In base 7, what is -5 - 4353633?
-4353641
In base 7, what is -13526 - 350?
-14206
In base 12, what is 20809 + -a1?
20728
In base 11, what is 0 + -53081a?
-53081a
In base 13, what is -887 + -153a?
-20c4
In base 8, what is 21553 + 6?
21561
In base 2, what is -1100111 + -10101110?
-100010101
In base 14, what is 5db - 4c3?
118
In base 12, what is -2 - -3166a7?
3166a5
In base 11, what is 37 - 295?
-259
In base 16, what is -12dc + 13?
-12c9
In base 3, what is 112200122 + 11?
112200210
In base 8, what is -603 - -14033?
13230
In base 11, what is 734 + 6?
73a
In base 7, what is 5 + 24052?
24060
In base 15, what is 1 + 27ba7?
27ba8
In base 2, what is -11 + -10010010111100011?
-10010010111100110
In base 7, what is 5046 + -226?
4520
In base 12, what is 4285a + 4?
42862
In base 8, what is -133 + -13045?
-13200
In base 2, what is -100011001110100001 - -100?
-100011001110011101
In base 16, what is 2aa - -43c?
6e6
In base 11, what is -57 - 2156?
-2202
In base 9, what is 15620 + -44?
15565
In base 5, what is -10113 - 24404?
-40022
In base 11, what is 3 + 89a65?
89a68
In base 10, what is 2 - 115126?
-115124
In base 5, what is -131423 + 1420?
-130003
In base 7, what is -466460 + 3?
-466454
In base 5, what is 112434 + -2432?
110002
In base 8, what is 14600 + -26?
14552
In base 11, what is -8 + -63538?
-63545
In base 12, what is -12 + -1912?
-1924
In base 7, what is -12 + -23316?
-23331
In base 15, what is 0 - -10771?
10771
In base 14, what is -2 + 29608?
29606
In base 13, what is -4 - 15100?
-15104
In base 16, what is cd1a - 3?
cd17
In base 6, what is -20423 - -3?
-20420
In base 3, what is 21012100 + 20110?
21102210
In base 2, what is -1100100011001 - 1001111001?
-1101110010010
In base 13, what is -6678 - 0?
-6678
In base 6, what is -13140451 - 5?
-13140500
In base 9, what is 5 + 24474?
24480
In base 9, what is 3 - -16602?
16605
In base 2, what is 101000000010011101110 - 11?
101000000010011101011
In base 3, what is 112211 + -1011020?
-121102
In base 8, what is -2603 + 145?
-2436
In base 4, what is -223 + -2112231?
-2113120
In base 8, what is -775445 - 5?
-775452
In base 8, what is -3 + 1212673?
1212670
In base 7, what is 50 + -14463?
-14413
In base 11, what is 309a + -2?
3098
In base 2, what is 10011100 - 11011111101?
-11001100001
In base 14, what is 506 - d?
4d7
In base 13, what is -2 + -4cbc1?
-4cbc3
In base 2, what is -10111 + 1010000000100110?
1010000000001111
In base 5, what is -23001020 - -1?
-23001014
In base 13, what is -88 - 1aa?
-265
In base 9, what is 0 - 21750?
-21750
In base 7, what is 4 + 1022333?
1022340
In base 8, what is 22 - 1164?
-1142
In base 9, what is 71 + 330?
411
In base 9, what is -2 - 1620628?
-162063